 factors of g.
11
Let w = 19 + -7. Let h = 2 + w. Let p = 25 - h. List the prime factors of p.
11
Suppose -113 + 643 = 5*x. List the prime factors of x.
2, 53
Let v = 33 - 25. List the prime factors of (-67)/(-2) - v/(-16).
2, 17
Let x = -25 - -42. What are the prime factors of x?
17
Let g(t) = -t**3 + 5*t**2 - 2*t - 1. Let x = -4 - 0. Let b be x/10 - (-24)/10. List the prime factors of g(b).
7
Suppose 0 = -5*c + 11 + 4. Suppose 5*m + 4*g - 20 = 45, c*g - 24 = -m. What are the prime factors of m?
3
Let x = -95 + 67. Let z = 63 + x. What are the prime factors of z?
5, 7
List the prime factors of 1205/45 - 6/(-27).
3
Suppose 5*m - 170 = -2*u, 425 = 2*u + 3*u - 3*m. List the prime factors of u.
5, 17
Let n(r) = 0 + 3 - 6 + r. Let s be n(7). What are the prime factors of (8/5)/(s/10)?
2
Let x(z) = z + 20. Let a(u) = u**2 + 8*u + 3. Let g be a(-4). What are the prime factors of x(g)?
7
Suppose 4*z = -3 - 5. List the prime factors of (-97)/z - 2/4.
2, 3
Let c(t) = -14*t**3 - t**2 - 2*t - 1. Suppose -s - 1 = -0*s. List the prime factors of c(s).
2, 7
Let w(q) = -26*q - 1. What are the prime factors of w(-1)?
5
Let z be 30 + 3/3 - -2. Let w = z + -18. Suppose -4*f = f - w. What are the prime factors of f?
3
Let b(q) = q**2 - 9*q + 9. Let m be b(8). Let x be (m - -3)/(-3 + 2). Let u(n) = -3*n. List the prime factors of u(x).
2, 3
Let w(c) = 2*c + 7. Let n be w(-8). Let d(z) = -z**3 - 8*z**2 + 8*z - 9. Let m be d(n). List the prime factors of 6/(-10)*(m - 5).
3
Suppose 0 = -4*z + 16, 0*y = -3*y - 4*z + 25. Suppose -9 = -y*w - 0. Let q(a) = 5*a - 3. List the prime factors of q(w).
2, 3
Suppose -2*l = 3*l - 225. What are the prime factors of (-10)/l + (-47)/(-9)?
5
Let k(q) = 2*q - 12. List the prime factors of k(21).
2, 3, 5
Let y be 8*(3/12 - 1). Let j be (0 + -1)*(y - -1). Suppose j*a + 6*f = f - 10, -24 = -3*a + 3*f. List the prime factors of a.
3
Let x = 7 - 4. Let i(b) = -2*b**2 + x - 2*b**3 - b + 7*b + 1 + b**3. List the prime factors of i(-4).
2, 3
Suppose 8 = 3*f - f. Suppose 17 = 2*v - 2*h - 1, -3*v + 22 = -f*h. List the prime factors of v.
2, 7
Let y(h) = 85*h**2 - 4*h - 3. What are the prime factors of y(-1)?
2, 43
Let w(m) = -m**3 + 5*m**2 - 8*m + 0 + 3*m + 3. List the prime factors of w(3).
2, 3
Suppose -5*v = -0 + 20. What are the prime factors of (16/20)/(v/(-50))?
2, 5
Let r(s) be the second derivative of s**4/12 - s**3/3 - s. What are the prime factors of r(-5)?
5, 7
Suppose -p - 4*p + 1265 = 0. List the prime factors of p.
11, 23
Suppose -2*u + r + 7 = -u, 4*u + r = 13. Let d be (u - 2)*(-7)/2. What are the prime factors of (-103)/d + (-6)/(-21)?
3, 5
Let y(c) = c**3 - 7*c**2 - 6*c - 4. What are the prime factors of y(8)?
2, 3
Suppose 3*a - 2*o + o = 348, -4*a + 3*o = -464. List the prime factors of a.
2, 29
Suppose 3*q - 546 = -5*m, -3*q - 23 = -m + 79. What are the prime factors of m?
2, 3
Let d = 41 + -20. List the prime factors of (-4)/(-14) - (-267)/d.
13
Let y be (8/6)/(6/(-9)). Let h(b) be the first derivative of -b**4/2 - b**3/3 + b**2 - b - 2. What are the prime factors of h(y)?
7
Let z be (15 + -2)*(2 - 1). Let q = z - 3. What are the prime factors of q?
2, 5
Let t = 79 + -57. Let p(x) = -4*x**3 - x**2 - 2*x - 1. Let g be p(-1). Suppose -2*k + t = g. List the prime factors of k.
3
Let x(w) = -1. Let t(y) = 5*y + 3. Let j(z) = t(z) + 6*x(z). Let f be j(3). List the prime factors of (-2)/(-3) - (-112)/f.
2, 5
Let h be (4*(1 + 0))/2. Suppose 0 = z + 2, 6*x - 4*x - 14 = h*z. Suppose 50 = 3*v - x*u, 2*v - 5*v - 5*u + 10 = 0. What are the prime factors of v?
2, 5
Let n(y) be the second derivative of 1/12*y**4 + 0 + 7/6*y**3 + 0*y**2 - y. What are the prime factors of n(-8)?
2
Suppose -2*w + 49 - 1 = 0. List the prime factors of w.
2, 3
Let v(a) be the third derivative of a**5/60 - 5*a**4/24 - a**3/3 - 2*a**2. Let m(y) be the first derivative of v(y). What are the prime factors of m(5)?
5
Let q be 32/14 + (-6)/21. Suppose -8 = -q*c + 4*c. Let g = c + 14. What are the prime factors of g?
2, 5
Suppose 10*c - 175 = 5*c. List the prime factors of c.
5, 7
Suppose -8*c + 218 = -7*c. What are the prime factors of c?
2, 109
Suppose -7*q + 10 = -2*q. List the prime factors of ((-1)/q)/(-1)*10.
5
Let p be 1*((-5 - -2) + 2). Let n be ((-1)/p)/((-2)/(-14)). Let f = 7 + n. What are the prime factors of f?
2, 7
Suppose 0*d - 3*d + 12 = 0. What are the prime factors of 20/(-6)*(1 - d)?
2, 5
Suppose 2*p - 5 = 1. Let s be 106/2 + 27/9. Suppose -s = -p*f - f. List the prime factors of f.
2, 7
Let a(c) = -2*c + 3. Let x be a(6). List the prime factors of (1*x/(-3))/1.
3
Suppose z + 2*x = 7*x + 19, -4*z + 10 = 2*x. Let f be (-5)/((0 - 2) + 1). Let p = f + z. List the prime factors of p.
3
Suppose -5*q - 3*n + 586 = 0, -2*q + 4*n + 369 = q. List the prime factors of q.
7, 17
Let p(b) = 3 + 3*b + 1 - 4*b. Let v be p(2). Suppose -g = 2, v*g - g - 6 = -4*f. What are the prime factors of f?
2
Let r(p) be the third derivative of p**5/30 + p**4/8 - p**3 + 6*p**2. List the prime factors of r(4).
2, 19
Let o = -122 - -212. What are the prime factors of o?
2, 3, 5
Let w be (-3 - (-68)/8)*8. Suppose o - q - w = 2*q, 4*q - 88 = -2*o. List the prime factors of o.
2, 11
Let j(h) = -h**2 - h + 5. Let q be j(5). Let p = 36 + q. List the prime factors of p.
11
Let q(o) = -2*o + 15. List the prime factors of q(-3).
3, 7
Suppose 0*g - 8 = -4*g. Suppose g*w = -w + 75. Let q = -13 + w. What are the prime factors of q?
2, 3
Let l(t) = 2 + t**2 + 1 + 4 + 6*t + 6*t. Let i be l(-10). List the prime factors of 0 - (-1 + 2)*i.
13
Suppose -3*s - s = -84. What are the prime factors of s?
3, 7
Let s be ((0/(-2))/(-2))/1. Suppose s = -6*p + 2*p + 40. List the prime factors of p.
2, 5
Let r be (-2 - 1)*(-4)/(-12). Let b = 4 + r. List the prime factors of b.
3
List the prime factors of (-6 - (-72)/(-30))/((-3)/20).
2, 7
Let v(s) = -2*s + 4. Let r be v(6). Let g = r + 31. Suppose 4*m = g + 21. List the prime factors of m.
11
Let y be 3 - (4 - 1 - 2). Let u be -4*(0 + y - 3). Let d = 3 + u. List the prime factors of d.
7
Let q = 14 - 11. Suppose 0 = q*a + 2*a - 45. What are the prime factors of a?
3
Let w = 128 - 90. List the prime factors of w.
2, 19
Let i = -174 - -265. List the prime factors of i.
7, 13
Let d(p) = -2*p**2 + 11*p - 3. Let g be d(8). Let m = -30 - g. What are the prime factors of m?
13
Let r = 3 - 3. Let c be -1 - r - (0 + 1). Let x = 0 - c. What are the prime factors of x?
2
Suppose 3*h = -4*s + 11 + 18, -4*h = 3*s - 27. What are the prime factors of ((-21)/6 + h)*-12?
2, 3
Let m = -3 + 6. Suppose 0 = -m*w + 6 + 3. List the prime factors of w.
3
Suppose y = -4*i + 13, y = 4*i - 6*i + 7. List the prime factors of i.
3
Suppose -m + 2 = -17. List the prime factors of m.
19
Let k(q) be the first derivative of -q**2/2 + 23*q + 8. List the prime factors of k(12).
11
Let h be 14/1 + 3 + -4. Let v = 19 - h. What are the prime factors of v?
2, 3
Let r be -5*(9/(-5) + 1). Suppose 0 = r*n - 67 - 49. Let q = -21 + n. What are the prime factors of q?
2
Suppose -4*f + 2 = i - 6, -5*f + 2*i + 10 = 0. Suppose 0 = w + f. List the prime factors of 0/(-3 - w) + 9.
3
Let t be 5*((-24)/(-5))/(-4). Let v = 1 - t. Let y = v - 4. List the prime factors of y.
3
Suppose 0 = 4*j - 346 + 98. Suppose 2*z + j = 4*g, -g + 4*z + 19 = -0*z. What are the prime factors of g?
3, 5
Let s be 2 + 5/(5/2). Let x(f) = s + f + 2*f - 3 - 6*f. What are the prime factors of x(-2)?
7
Suppose 3*r - 3 = -4*y, 6*y = 2*r + 2*y - 22. Let q = r + 2. List the prime factors of q.
7
Suppose 0*b + 6 = 4*q + 3*b, -2*b = 4. Suppose -5*a - 2*r = -31, 0*r + 22 = 4*a + q*r. List the prime factors of a.
7
Suppose 0*k - k - 1 = 0, 4*u = 5*k + 5. Suppose -2*v + v + 17 = u. What are the prime factors of v?
17
Suppose 3*q + 16 = 7*q. Suppose -155 = -5*w + 5*u, 3*w - u - 99 = -q*u. List the prime factors of w.
2
List the prime factors of 3/9 - (-1270)/15.
5, 17
Let d = 0 + 3. Suppose 3*k - 2*m - 31 = 2*m, -m - 28 = -d*k. Suppose -4*a = -3*n - 2*a + 35, -k = -n - 2*a. List the prime factors of n.
11
Let p(c) = 4*c**2 - 6*c + 15. List the prime factors of p(5).
5, 17
Suppose -m + 190 = 4*a, -2*a + 150 = a - 3*m. List the prime factors of a.
2, 3
List the prime factors of 3*2/(-6) + 77.
2, 19
Let i(b) = -2*b + b + 2 - 3. List the pr